{"id":5093,"date":"2022-11-04T15:36:36","date_gmt":"2022-11-04T08:36:36","guid":{"rendered":"https:\/\/www.polajakasoviccarteras.cl\/desarrollo\/?page_id=5093"},"modified":"2026-04-07T18:04:59","modified_gmt":"2026-04-07T18:04:59","slug":"about-us","status":"publish","type":"page","link":"https:\/\/www.polajakasoviccarteras.cl\/","title":{"rendered":"Sobre Nosotros"},"content":{"rendered":"\t\t<div data-elementor-type=\"wp-page\" data-elementor-id=\"5093\" class=\"elementor elementor-5093\">\n\t\t\t\t<div class=\"elementor-element elementor-element-5e112c3 e-flex e-con-boxed e-con e-parent\" data-id=\"5e112c3\" data-element_type=\"container\" data-e-type=\"container\">\n\t\t\t\t\t<div class=\"e-con-inner\">\n\t\t\t\t<div class=\"elementor-element elementor-element-1e42364 elementor-widget elementor-widget-html\" data-id=\"1e42364\" data-element_type=\"widget\" data-e-type=\"widget\" data-widget_type=\"html.default\">\n\t\t\t\t\t<div class=\"pola-titulo-container\">\n    <h1 class=\"pola-titulo-reflejo\">EL ARTE DE CARGAR TU HISTORIA<\/h1>\n<\/div>\n\n<style>\n    @import url('https:\/\/fonts.googleapis.com\/css2?family=Akaya+Telivigala&display=swap');\n\n    .pola-titulo-container {\n        text-align: center;\n        padding: 60px 20px;\n        background-color: transparent;\n        overflow: hidden; \/* Evita destellos fuera del \u00e1rea *\/\n    }\n\n    .pola-titulo-reflejo {\n        font-family: 'Akaya Telivigala', system-ui;\n        font-size: clamp(2.2rem, 6vw, 4.2rem); \n        font-weight: 400;\n        margin: 0;\n        letter-spacing: 2px;\n        text-transform: uppercase;\n        line-height: 1.1;\n        display: inline-block;\n        position: relative;\n\n        \/* BASE DORADA MET\u00c1LICA *\/\n        background: linear-gradient(\n            to right, \n            #bf953f 0%, \n            #bf953f 40%, \n            #fcf6ba 50%, \n            #bf953f 60%, \n            #bf953f 100%\n        );\n        background-size: 200% auto; \/* Necesario para el desplazamiento *\/\n        -webkit-background-clip: text;\n        -webkit-text-fill-color: transparent;\n        \n        \/* CONTORNO SUTIL BRONCE *\/\n        -webkit-text-stroke: 0.6px #8d6e63;\n\n        \/* SOMBRA BASE PARA FONDO BLANCO *\/\n        filter: drop-shadow(1px 1px 1px rgba(0,0,0,0.1));\n\n        \/* ANIMACI\u00d3N DE DESTELLO AL CARGAR *\/\n        animation: brilloDeslizado 3s ease-out forwards;\n    }\n\n    @keyframes brilloDeslizado {\n        0% {\n            background-position: 200% center;\n        }\n        100% {\n            background-position: -200% center;\n        }\n    }\n\n    \/* Opcional: Si quieres que se repita cada 10 segundos despu\u00e9s del primer brillo *\/\n    .pola-titulo-reflejo {\n        animation: brilloDeslizado 3s ease-out 1, \n                   brilloDeslizado 3s ease-in-out 10s infinite;\n    }\n\n    @media (max-width: 480px) {\n        .pola-titulo-reflejo {\n            -webkit-text-stroke: 0.4px #8d6e63;\n            letter-spacing: 1px;\n        }\n    }\n<\/style>\t\t\t\t<\/div>\n\t\t\t\t\t<\/div>\n\t\t\t\t<\/div>\n\t\t<div class=\"elementor-element elementor-element-4e7e63a e-con-full e-flex e-con e-parent\" data-id=\"4e7e63a\" data-element_type=\"container\" data-e-type=\"container\">\n\t\t\t\t<div class=\"elementor-element elementor-element-847955d elementor-widget elementor-widget-image\" data-id=\"847955d\" data-element_type=\"widget\" data-e-type=\"widget\" data-widget_type=\"image.default\">\n\t\t\t\t\t\t\t\t\t\t\t\t\t\t\t<img fetchpriority=\"high\" decoding=\"async\" width=\"2560\" height=\"1085\" src=\"https:\/\/www.polajakasoviccarteras.cl\/wp-content\/uploads\/2026\/03\/portada-carteras-scaled.webp\" class=\"attachment-full size-full wp-image-7137\" alt=\"portada de carteras\" srcset=\"https:\/\/www.polajakasoviccarteras.cl\/wp-content\/uploads\/2026\/03\/portada-carteras-scaled.webp 2560w, https:\/\/www.polajakasoviccarteras.cl\/wp-content\/uploads\/2026\/03\/portada-carteras-300x127.webp 300w, https:\/\/www.polajakasoviccarteras.cl\/wp-content\/uploads\/2026\/03\/portada-carteras-1024x434.webp 1024w, https:\/\/www.polajakasoviccarteras.cl\/wp-content\/uploads\/2026\/03\/portada-carteras-768x325.webp 768w, https:\/\/www.polajakasoviccarteras.cl\/wp-content\/uploads\/2026\/03\/portada-carteras-1536x651.webp 1536w, https:\/\/www.polajakasoviccarteras.cl\/wp-content\/uploads\/2026\/03\/portada-carteras-2048x868.webp 2048w, https:\/\/www.polajakasoviccarteras.cl\/wp-content\/uploads\/2026\/03\/portada-carteras-1000x424.webp 1000w\" sizes=\"(max-width: 2560px) 100vw, 2560px\" \/>\t\t\t\t\t\t\t\t\t\t\t\t\t\t\t<\/div>\n\t\t\t\t<\/div>\n\t\t<div class=\"elementor-element elementor-element-15e3cf0 e-flex e-con-boxed e-con e-parent\" data-id=\"15e3cf0\" data-element_type=\"container\" data-e-type=\"container\">\n\t\t\t\t\t<div class=\"e-con-inner\">\n\t\t\t\t<div class=\"elementor-element elementor-element-ea9fd42 elementor-widget elementor-widget-html\" data-id=\"ea9fd42\" data-element_type=\"widget\" data-e-type=\"widget\" data-widget_type=\"html.default\">\n\t\t\t\t\t<div class=\"pola-perfil-v6-container\">\n    <img decoding=\"async\" data-src=\"https:\/\/www.polajakasoviccarteras.cl\/wp-content\/uploads\/2026\/03\/pola-intro.webp\" alt=\"Pola Jakasovic\" class=\"pola-foto-v6 lazyload\" src=\"data:image\/svg+xml;base64,PHN2ZyB3aWR0aD0iMSIgaGVpZ2h0PSIxIiB4bWxucz0iaHR0cDovL3d3dy53My5vcmcvMjAwMC9zdmciPjwvc3ZnPg==\" style=\"--smush-placeholder-width: 1024px; --smush-placeholder-aspect-ratio: 1024\/1024;\">\n    \n    <p class=\"pola-texto-v6\">\n        <span class=\"pola-nombre-dorado-v6\">Pola Jakasovic<\/span>, dise\u00f1adora magall\u00e1nica, radicada en Santiago, crea carteras de autor en cuero, piel y reno, genuinos de vacuno y hechas a mano. Sus dise\u00f1os combinan elegancia atemporal y un estilo urbano-chic. Se caracterizan por su sofisticaci\u00f3n y originalidad usando materiales nacionales de alta calidad, convirtiendo cada pieza en protagonista de cualquier look.\n    <\/p>\n<\/div>\n\n<style>\n    \/* Contenedor: Centrado y balanceado *\/\n    .pola-perfil-v6-container {\n        max-width: 750px; \n        margin: 50px auto; \n        text-align: center; \n        padding: 20px;\n        background-color: transparent; \n        box-sizing: border-box; \n    }\n\n    \/* Foto: TAMA\u00d1O 300PX *\/\n    .pola-foto-v6 {\n        width: 300px;  \n        height: 300px; \n        border-radius: 50%; \n        object-fit: cover; \n        border: 2px solid #d4af37; \n        box-shadow: 0 8px 20px rgba(0,0,0,0.15); \n        margin-bottom: 40px; \n        display: inline-block;\n    }\n\n    \/* Tipograf\u00eda: Estilo de revista de moda (Serif) *\/\n    .pola-texto-v6 {\n        font-family: 'Playfair Display', Georgia, 'Times New Roman', serif; \n        font-size: 19px; \n        line-height: 1.8; \n        color: #222; \n        margin: 0;\n        text-align: justify; \n    }\n\n    \/* NOMBRE EN DORADO DESTACADO CON SOMBRA *\/\n    .pola-nombre-dorado-v6 {\n        \/* Degradado para efecto met\u00e1lico *\/\n        background: linear-gradient(to right, #bf953f, #fcf6ba, #b38728, #fbf5b7, #aa771c);\n        -webkit-background-clip: text;\n        -webkit-text-fill-color: transparent;\n        display: inline-block;\n        \n        font-weight: bold;\n        font-size: 1.1em; \/* Un poco m\u00e1s grande para resaltar *\/\n        letter-spacing: 1px;\n        text-transform: uppercase; \/* Opcional: le da un toque m\u00e1s \"marca\" *\/\n        \n        \/* Sombreado para dar relieve *\/\n        filter: drop-shadow(1px 1px 1px rgba(0,0,0,0.2));\n    }\n\n    \/* --- Optimizaci\u00f3n para Smartphones --- *\/\n    @media (max-width: 600px) {\n        .pola-perfil-v6-container {\n            padding: 10px;\n        }\n\n        .pola-foto-v6 {\n            width: 200px; \n            height: 200px;\n            margin-bottom: 25px;\n        }\n\n        .pola-texto-v6 {\n            font-size: 16px; \n            line-height: 1.6;\n            text-align: center; \n        }\n    }\n<\/style>\t\t\t\t<\/div>\n\t\t\t\t\t<\/div>\n\t\t\t\t<\/div>\n\t\t<div class=\"elementor-element elementor-element-a865b12 e-flex e-con-boxed e-con e-parent\" data-id=\"a865b12\" data-element_type=\"container\" data-e-type=\"container\">\n\t\t\t\t\t<div class=\"e-con-inner\">\n\t\t\t\t<div class=\"elementor-element elementor-element-f067d5c elementor-widget elementor-widget-html\" data-id=\"f067d5c\" data-element_type=\"widget\" data-e-type=\"widget\" data-widget_type=\"html.default\">\n\t\t\t\t\t<div class=\"pola-banner-atributos\">\n    <div class=\"pola-atributo-item\">\n        <span class=\"pola-icon\">\ud83e\uddf5<\/span>\n        <h3 class=\"pola-titulo-akaya\">Hecho a Mano<\/h3>\n        <p>Artesan\u00eda chilena con dedicaci\u00f3n en cada costura.<\/p>\n    <\/div>\n\n    <div class=\"pola-atributo-item\">\n        <span class=\"pola-icon\">\ud83d\udc04<\/span>\n        <h3 class=\"pola-titulo-akaya\">Cuero Genuino<\/h3>\n        <p class=\"pola-texto-etico\">\n            Material 100% natural obtenido como subproducto de ganado de faena, \n            promoviendo el aprovechamiento integral y responsable de la materia prima.\n        <\/p>\n    <\/div>\n\n    <div class=\"pola-atributo-item\">\n        <span class=\"pola-icon\">\u2728<\/span>\n        <h3 class=\"pola-titulo-akaya\">Dise\u00f1o de Autor<\/h3>\n        <p>Piezas exclusivas que combinan sofisticaci\u00f3n y originalidad.<\/p>\n    <\/div>\n\n    <div class=\"pola-atributo-item\">\n        <span class=\"pola-icon\">\ud83d\ude9a<\/span>\n        <h3 class=\"pola-titulo-akaya\">Env\u00edos a Todo Chile<\/h3>\n        <p>Tu Pola Jakasovic llega directo a la puerta de tu casa.<\/p>\n    <\/div>\n<\/div>\n\n<style>\n    @import url('https:\/\/fonts.googleapis.com\/css2?family=Akaya+Telivigala&display=swap');\n\n    .pola-banner-atributos {\n        display: flex;\n        flex-wrap: wrap;\n        justify-content: space-around;\n        gap: 30px;\n        padding: 50px 20px;\n        background-color: #ffffff;\n        border-top: 1px solid #f1ece8;\n        border-bottom: 1px solid #f1ece8;\n        margin: 40px 0;\n    }\n\n    .pola-atributo-item {\n        flex: 1;\n        min-width: 250px; \/* Un poco m\u00e1s ancho para la descripci\u00f3n \u00e9tica *\/\n        text-align: center;\n        padding: 15px;\n        transition: transform 0.3s ease;\n    }\n\n    .pola-icon {\n        font-size: 2.2rem;\n        display: block;\n        margin-bottom: 15px;\n        filter: drop-shadow(0 2px 4px rgba(212, 175, 55, 0.2));\n    }\n\n    .pola-titulo-akaya {\n        font-family: 'Akaya Telivigala', system-ui;\n        color: #8d6e63; \/* Tono bronce\/cuero *\/\n        font-size: 1.6rem;\n        margin: 10px 0;\n        font-weight: 400;\n        letter-spacing: 0.5px;\n    }\n\n    .pola-atributo-item p {\n        font-family: 'Inter', sans-serif;\n        font-size: 0.95rem;\n        color: #555;\n        margin: 0;\n        line-height: 1.5;\n    }\n\n    \/* Estilo espec\u00edfico para la frase \u00e9tica *\/\n    .pola-texto-etico {\n        font-size: 0.85rem !important; \/* Un poco m\u00e1s peque\u00f1a para que se vea t\u00e9cnica *\/\n        color: #777 !important;\n        font-style: italic;\n    }\n\n    .pola-atributo-item:hover {\n        transform: translateY(-5px);\n    }\n\n    .pola-atributo-item:hover .pola-titulo-akaya {\n        color: #d4af37;\n    }\n\n    \/* Adaptabilidad M\u00f3vil *\/\n    @media (max-width: 900px) {\n        .pola-banner-atributos {\n            display: grid;\n            grid-template-columns: 1fr 1fr;\n        }\n    }\n\n    @media (max-width: 500px) {\n        .pola-banner-atributos {\n            grid-template-columns: 1fr;\n            padding: 30px 15px;\n        }\n        .pola-atributo-item {\n            min-width: auto;\n        }\n    }\n<\/style>\t\t\t\t<\/div>\n\t\t\t\t\t<\/div>\n\t\t\t\t<\/div>\n\t\t<div class=\"elementor-element elementor-element-598b891 e-flex e-con-boxed e-con e-parent\" data-id=\"598b891\" data-element_type=\"container\" data-e-type=\"container\" data-settings=\"{&quot;background_background&quot;:&quot;classic&quot;}\">\n\t\t\t\t\t<div class=\"e-con-inner\">\n\t\t\t\t<div class=\"elementor-element elementor-element-3a475c8 elementor-widget elementor-widget-heading\" data-id=\"3a475c8\" data-element_type=\"widget\" data-e-type=\"widget\" data-widget_type=\"heading.default\">\n\t\t\t\t\t<h2 class=\"elementor-heading-title elementor-size-default\">Entregamos productos genuinos y \u00fanicos<\/h2>\t\t\t\t<\/div>\n\t\t\t\t<div class=\"elementor-element elementor-element-05355b0 elementor-widget elementor-widget-spacer\" data-id=\"05355b0\" data-element_type=\"widget\" data-e-type=\"widget\" data-widget_type=\"spacer.default\">\n\t\t\t\t\t\t\t<div class=\"elementor-spacer\">\n\t\t\t<div class=\"elementor-spacer-inner\"><\/div>\n\t\t<\/div>\n\t\t\t\t\t\t<\/div>\n\t\t\t\t<div class=\"elementor-element elementor-element-bf27731 elementor-widget elementor-widget-spacer\" data-id=\"bf27731\" data-element_type=\"widget\" data-e-type=\"widget\" data-widget_type=\"spacer.default\">\n\t\t\t\t\t\t\t<div class=\"elementor-spacer\">\n\t\t\t<div class=\"elementor-spacer-inner\"><\/div>\n\t\t<\/div>\n\t\t\t\t\t\t<\/div>\n\t\t\t\t<div class=\"elementor-element elementor-element-b216a36 elementor-align-center elementor-widget elementor-widget-button\" data-id=\"b216a36\" data-element_type=\"widget\" data-e-type=\"widget\" data-widget_type=\"button.default\">\n\t\t\t\t\t\t\t\t\t\t<a class=\"elementor-button elementor-button-link elementor-size-sm\" href=\"https:\/\/wa.me\/56965411864?text=Hola%20Pola,%20vi%20tu%20p\u00e1gina%20web%20y%20me%20interesan%20tus%20carteras\" target=\"_blank\">\n\t\t\t\t\t\t<span class=\"elementor-button-content-wrapper\">\n\t\t\t\t\t\t\t\t\t<span class=\"elementor-button-text\">Cont\u00e1ctanos<\/span>\n\t\t\t\t\t<\/span>\n\t\t\t\t\t<\/a>\n\t\t\t\t\t\t\t\t<\/div>\n\t\t\t\t\t<\/div>\n\t\t\t\t<\/div>\n\t\t<div class=\"elementor-element elementor-element-5308f73 e-flex e-con-boxed e-con e-parent\" data-id=\"5308f73\" data-element_type=\"container\" data-e-type=\"container\">\n\t\t\t\t\t<div class=\"e-con-inner\">\n\t\t\t\t<div class=\"elementor-element elementor-element-f62127d elementor-widget__width-inherit elementor-widget elementor-widget-html\" data-id=\"f62127d\" data-element_type=\"widget\" data-e-type=\"widget\" data-widget_type=\"html.default\">\n\t\t\t\t\t<!DOCTYPE html>\n<html lang=\"es\">\n<head>\n    <meta charset=\"UTF-8\">\n    <meta name=\"viewport\" content=\"width=device-width, initial-scale=1.0\">\n    <title>Testimonios Pola Jakasovic<\/title>\n    <link href=\"https:\/\/fonts.googleapis.com\/css2?family=Akaya+Telivigala&family=Inter:wght@400;600&display=swap\" rel=\"stylesheet\">\n    \n    <style>\n        body {\n            font-family: 'Inter', sans-serif;\n            background-color: #fdfaf7;\n            color: #3e3e3e;\n            margin: 0;\n            padding: 40px 10px;\n        }\n\n        .akaya {\n            font-family: 'Akaya Telivigala', system-ui;\n        }\n\n        .container {\n            max-width: 1200px; \/* Expandido para dar aire a la l\u00ednea *\/\n            margin: 0 auto;\n        }\n\n        .title {\n            text-align: center;\n            color: #5d4037;\n            font-size: 2.8rem;\n            margin-bottom: 40px;\n            letter-spacing: 1px;\n        }\n\n        .testimonials-container {\n            display: flex; \/* Cambiado a Flex para asegurar la l\u00ednea *\/\n            justify-content: center;\n            gap: 20px;\n            flex-wrap: nowrap; \/* Evita que bajen a la siguiente l\u00ednea *\/\n        }\n\n        .testimonial-card {\n            background: #fff;\n            border-radius: 12px;\n            overflow: hidden;\n            box-shadow: 0 5px 15px rgba(0,0,0,0.04);\n            transition: transform 0.3s ease;\n            flex: 1; \/* Distribuye el espacio equitativamente *\/\n            max-width: 350px; \/* Evita que crezcan demasiado *\/\n            border: 1px solid #f1ece8;\n            display: flex;\n            flex-direction: column;\n        }\n\n        .testimonial-card:hover {\n            transform: translateY(-5px);\n        }\n\n        .product-img {\n            width: 100%;\n            height: 220px; \/* Altura reducida para compactar *\/\n            object-fit: cover;\n        }\n\n        .content {\n            padding: 20px;\n            text-align: center;\n            display: flex;\n            flex-direction: column;\n            justify-content: space-between;\n            height: 100%;\n        }\n\n        .stars {\n            color: #d4af37;\n            margin-bottom: 8px;\n            font-size: 0.9rem;\n        }\n\n        .quote {\n            font-size: 0.95rem;\n            line-height: 1.4;\n            color: #555;\n            margin-bottom: 15px;\n            font-style: italic;\n        }\n\n        .client-name {\n            font-size: 1.1rem;\n            color: #333;\n            display: block;\n            margin-top: auto;\n        }\n\n        \/* Responsive: Solo en pantallas muy peque\u00f1as baja a columna *\/\n        @media (max-width: 768px) {\n            .testimonials-container {\n                flex-wrap: wrap;\n            }\n            .testimonial-card {\n                min-width: 280px;\n            }\n        }\n    <\/style>\n<\/head>\n<body>\n\n<div class=\"container\">\n    <h2 class=\"title akaya\">Experiencias Pola Jakasovic<\/h2>\n\n    <div class=\"testimonials-container\">\n        \n        <div class=\"testimonial-card\">\n            <img decoding=\"async\" data-src=\"https:\/\/www.polajakasoviccarteras.cl\/wp-content\/uploads\/2025\/11\/frente-1.jpeg\" alt=\"Cartera Pola 1\" class=\"product-img lazyload\" src=\"data:image\/svg+xml;base64,PHN2ZyB3aWR0aD0iMSIgaGVpZ2h0PSIxIiB4bWxucz0iaHR0cDovL3d3dy53My5vcmcvMjAwMC9zdmciPjwvc3ZnPg==\" style=\"--smush-placeholder-width: 832px; --smush-placeholder-aspect-ratio: 832\/1248;\">\n            <div class=\"content\">\n                <div class=\"stars\">\u2605\u2605\u2605\u2605\u2605<\/div>\n                <p class=\"quote\">\"Es simplemente perfecta. El tama\u00f1o es ideal y la calidad del cuero se nota a leguas.\"<\/p>\n                <span class=\"client-name akaya\">Carolina Sep\u00falveda<\/span>\n            <\/div>\n        <\/div>\n\n        <div class=\"testimonial-card\">\n            <img decoding=\"async\" data-src=\"https:\/\/www.polajakasoviccarteras.cl\/wp-content\/uploads\/2025\/11\/FRENTE-2.jpeg\" alt=\"Cartera Pola 2\" class=\"product-img lazyload\" src=\"data:image\/svg+xml;base64,PHN2ZyB3aWR0aD0iMSIgaGVpZ2h0PSIxIiB4bWxucz0iaHR0cDovL3d3dy53My5vcmcvMjAwMC9zdmciPjwvc3ZnPg==\" style=\"--smush-placeholder-width: 832px; --smush-placeholder-aspect-ratio: 832\/1248;\">\n            <div class=\"content\">\n                <div class=\"stars\">\u2605\u2605\u2605\u2605\u2605<\/div>\n                <p class=\"quote\">\"El color es vibrante y la textura es incre\u00edble. Una pieza \u00fanica que complementa todo.\"<\/p>\n                <span class=\"client-name akaya\">Beatriz Palma<\/span>\n            <\/div>\n        <\/div>\n\n        <div class=\"testimonial-card\">\n            <img decoding=\"async\" data-src=\"https:\/\/www.polajakasoviccarteras.cl\/wp-content\/uploads\/2025\/11\/Lado-15.jpg\" alt=\"Cartera Pola 3\" class=\"product-img lazyload\" src=\"data:image\/svg+xml;base64,PHN2ZyB3aWR0aD0iMSIgaGVpZ2h0PSIxIiB4bWxucz0iaHR0cDovL3d3dy53My5vcmcvMjAwMC9zdmciPjwvc3ZnPg==\" style=\"--smush-placeholder-width: 832px; --smush-placeholder-aspect-ratio: 832\/1248;\">\n            <div class=\"content\">\n                <div class=\"stars\">\u2605\u2605\u2605\u2605\u2605<\/div>\n                <p class=\"quote\">\"La atenci\u00f3n al detalle en las costuras es impecable. Se nota el gran trabajo artesanal.\"<\/p>\n                <span class=\"client-name akaya\">Francisca Lagos<\/span>\n            <\/div>\n        <\/div>\n\n    <\/div>\n<\/div>\n\n<\/body>\n<\/html>\t\t\t\t<\/div>\n\t\t\t\t\t<\/div>\n\t\t\t\t<\/div>\n\t\t\t\t<\/div>\n\t\t","protected":false},"excerpt":{"rendered":"<p>EL ARTE DE CARGAR TU HISTORIA Pola Jakasovic, dise\u00f1adora magall\u00e1nica, radicada en Santiago, crea carteras de autor en cuero, piel y reno, genuinos de vacuno y hechas a mano. Sus dise\u00f1os combinan elegancia atemporal y un estilo urbano-chic. Se caracterizan por su sofisticaci\u00f3n y originalidad usando materiales nacionales de alta calidad, convirtiendo cada pieza en [&hellip;]<\/p>\n","protected":false},"author":1,"featured_media":0,"parent":0,"menu_order":0,"comment_status":"closed","ping_status":"closed","template":"","meta":{"om_disable_all_campaigns":false,"_monsterinsights_skip_tracking":false,"_monsterinsights_sitenote_active":false,"_monsterinsights_sitenote_note":"","_monsterinsights_sitenote_category":0,"_uf_show_specific_survey":0,"_uf_disable_surveys":false,"footnotes":""},"class_list":["post-5093","page","type-page","status-publish","hentry"],"aioseo_notices":[],"_links":{"self":[{"href":"https:\/\/www.polajakasoviccarteras.cl\/index.php\/wp-json\/wp\/v2\/pages\/5093","targetHints":{"allow":["GET"]}}],"collection":[{"href":"https:\/\/www.polajakasoviccarteras.cl\/index.php\/wp-json\/wp\/v2\/pages"}],"about":[{"href":"https:\/\/www.polajakasoviccarteras.cl\/index.php\/wp-json\/wp\/v2\/types\/page"}],"author":[{"embeddable":true,"href":"https:\/\/www.polajakasoviccarteras.cl\/index.php\/wp-json\/wp\/v2\/users\/1"}],"replies":[{"embeddable":true,"href":"https:\/\/www.polajakasoviccarteras.cl\/index.php\/wp-json\/wp\/v2\/comments?post=5093"}],"version-history":[{"count":83,"href":"https:\/\/www.polajakasoviccarteras.cl\/index.php\/wp-json\/wp\/v2\/pages\/5093\/revisions"}],"predecessor-version":[{"id":7179,"href":"https:\/\/www.polajakasoviccarteras.cl\/index.php\/wp-json\/wp\/v2\/pages\/5093\/revisions\/7179"}],"wp:attachment":[{"href":"https:\/\/www.polajakasoviccarteras.cl\/index.php\/wp-json\/wp\/v2\/media?parent=5093"}],"curies":[{"name":"wp","href":"https:\/\/api.w.org\/{rel}","templated":true}]}}